 + l*a = -42. What are the prime factors of q?
2
Suppose -4*q + 0*q + 88 = 0. What are the prime factors of q?
2, 11
Let q(f) = 6*f - 6. List the prime factors of q(7).
2, 3
Let s = 3 + -12. What are the prime factors of s/6*(-32)/6?
2
Let c = 18 - 10. What are the prime factors of c?
2
Let t = 109 - 59. What are the prime factors of t?
2, 5
Let t = 0 - 0. Suppose t = d - 13 + 3. What are the prime factors of d?
2, 5
Let d = 13 - -46. List the prime factors of d.
59
Suppose -5*y + 24 = 2*u, u = -2*y - 3*u. What are the prime factors of 3/((-9)/y) - -10?
2
Suppose 10 = 4*l + 2*w, -5*l - 2*w = -7*w - 20. Suppose 70 = 8*n - l*n. List the prime factors of n.
2, 7
Let o = 7 + -4. Let z(m) = -4*m**2 - 2. Let b(j) = -4*j**2 - 3. Let i(f) = o*b(f) - 4*z(f). What are the prime factors of i(-1)?
3
Let s = -33 + 69. What are the prime factors of s?
2, 3
What are the prime factors of 2352/(-70)*20/(-6)?
2, 7
Suppose 0 = -4*z + 433 + 99. List the prime factors of z/9 + (-10)/(-45).
3, 5
Let t(w) = 61*w - 48. What are the prime factors of t(5)?
257
Let p = -19 - -14. List the prime factors of -1*3*55/p.
3, 11
Suppose g + 2 = -0*g. Let p be g*(0 + (-13)/2). Suppose -2*n - 2*n - 5*q = -p, 4*n - 5*q - 43 = 0. List the prime factors of n.
7
Let u(r) = 0*r - 6 + 3*r - 2*r. Let c = 1 + 9. What are the prime factors of u(c)?
2
Suppose 4*n - 8 = -0. What are the prime factors of 110/10 - 2/n?
2, 5
What are the prime factors of ((-6)/28*-7)/((-1)/(-62))?
3, 31
Let l(z) = 5*z**2 - z - 1. Let k be l(-1). Suppose 0 = k*w - 155 + 20. What are the prime factors of w?
3
Let p(g) = g - 1. Let t be p(5). Suppose 172 = 4*o - 28. Suppose 5 = t*q - 3, 4*z = -q + o. What are the prime factors of z?
2, 3
Let m be (66/18 - 3)/((-4)/(-246)). Let u(b) = -6*b - 1. Let q be u(-1). Suppose j + 84 = q*r + 7, 2*r + 3*j = m. List the prime factors of r.
2
Let c = -5 - -13. Suppose -123 = -5*y - c. List the prime factors of y.
23
Suppose 0*w - 6*w = -222. List the prime factors of w.
37
Suppose -2*x + 11 = -365. List the prime factors of x.
2, 47
Let n(u) = -7*u - 9. What are the prime factors of n(-3)?
2, 3
Suppose 0 = -3*t + 4*l - l + 99, t = -l + 35. What are the prime factors of t?
2, 17
What are the prime factors of 15 + 9/((-27)/12)?
11
Let d(i) = 3*i**2 - 2*i + 2. Let a be d(2). Let n be 1/(-5) - (-52)/a. Suppose 0 = n*z - 4*q - 46, 14 + 24 = 3*z - 5*q. What are the prime factors of z?
2, 3
Suppose -14 = -2*r + 3*r. Let u = r - -19. List the prime factors of u.
5
Let g = 383 - 62. What are the prime factors of g?
3, 107
Let k = 8 - 6. Suppose k*x = 0, 4*i + 14 - 82 = 4*x. List the prime factors of i.
17
Suppose 0*b - 3*b + 163 = j, b = 4*j + 63. List the prime factors of b.
5, 11
Let l = 0 - 0. Let u be -3 + (-2)/(-1) + 3. Suppose l = -u*y - y + 6. List the prime factors of y.
2
Let x be (-15)/1 - (-2 - -5). Let f = x + 30. Let u = 17 - f. What are the prime factors of u?
5
Let a(j) = -j**3 - j - 11. Let z(t) = -3*t**3 - 4*t - 34. Let r(s) = -7*a(s) + 2*z(s). Let u = -2 + 2. What are the prime factors of r(u)?
3
Let f(y) = y**3 + 3*y**2. Let d be f(-3). Suppose -2*o - 23 = -i, d = -4*o + 6*o - 2*i + 24. Let p = o + 29. What are the prime factors of p?
2, 3
Let y = -6 - -19. Suppose 0 = 3*g - 50 - y. What are the prime factors of g?
3, 7
Let j be (-5)/(-1)*(-6)/(-5). What are the prime factors of (j/(-12))/(1/(-14))?
7
Let n = 9 + -5. Suppose 4*i = -4*t - 0*i + 216, n*t = -i + 219. Suppose -t = -4*a + 5*v, -3*a = a + 2*v - 34. List the prime factors of a.
2, 5
Suppose 6 = 2*l - 38. List the prime factors of l.
2, 11
Let j(u) = 11*u + 4. What are the prime factors of j(10)?
2, 3, 19
What are the prime factors of (222/1)/(2 - 1)?
2, 3, 37
Suppose 0 = 3*y - 26 - 10. List the prime factors of y.
2, 3
Suppose 3*d = -5*q + 168, 4*q + 2*d = 6*d + 128. Let j be ((-1)/3)/(1/(-9)). Suppose -j*a + 0 = -q. List the prime factors of a.
11
Suppose -38 = 2*k - 4*k. Suppose q - j - 8 = k, q + 2*j = 12. What are the prime factors of q?
2, 11
Suppose 2*m = 4*a - 620, 5*a + 0*a = 5*m + 785. What are the prime factors of a?
3, 17
Let d = 0 + 4. Let k = 51 - 24. Suppose 0 = d*y - k - 17. What are the prime factors of y?
11
Suppose 5*n - 3*z + 6 = 3*n, -5*n + 3 = -3*z. Let x be (-12)/15*20/(-2). Let w = x + n. List the prime factors of w.
11
Let y = -22 - -39. Let x = y - -13. What are the prime factors of x?
2, 3, 5
Suppose 50 = 5*v - 190. List the prime factors of v.
2, 3
Let x be 14/2 - (1 + -2). Let r = 52 - 56. Let p = x + r. What are the prime factors of p?
2
Let n = 66 + -20. What are the prime factors of n?
2, 23
List the prime factors of 554/14 - (-64)/(-112).
3, 13
Let n be 8 - -1 - 2/1. Suppose -3*j + n*j = 32. List the prime factors of j.
2
Suppose v - 241 = y, 0*y - 2*y - 244 = -v. What are the prime factors of v?
2, 7, 17
Suppose 4*x + 6*o = 2*o + 16, 0 = 2*o - 2. Suppose -g + x*l - 30 = -6*g, 3*g - 18 = l. What are the prime factors of g?
2, 3
Let a(g) be the first derivative of -g**4/2 - g**3/3 - 2*g - 9. Let u be 1/((2*-1)/4). What are the prime factors of a(u)?
2, 5
Let b(n) = n**2 - 6. Let r be b(6). Let v be 2/(-6) - (-16)/3. Suppose 2*f - k = r - 10, v*k - 50 = -5*f. List the prime factors of f.
2, 5
Suppose 3*w = 6*w + 9. Let o(v) = -2*v - 2. Let t be o(-2). List the prime factors of (4/w)/(t/(-21)).
2, 7
Let w(m) = -46*m - 3. Let z(x) = -31*x - 2. Let y(s) = -5*w(s) + 7*z(s). List the prime factors of y(1).
2, 7
Let w be ((-10)/15)/(1/(-36)). Let y(t) = t. Let c be y(2). Suppose c*v - w = -4. What are the prime factors of v?
2, 5
Suppose 4 = o + 1. Let i = o + 3. What are the prime factors of i?
2, 3
Let l(f) = -f**3 - 7*f**2 + 5. Let t be (-2 + -2)*1 + -3. List the prime factors of l(t).
5
Let f(d) = 256*d**2 + d - 1. List the prime factors of f(1).
2
Suppose 3*t + 10 = 5*t. What are the prime factors of t?
5
Let t(m) = m + 5. Let o be t(-3). Suppose -2*b = o*b. Suppose 12 = -b*c + c. What are the prime factors of c?
2, 3
Suppose m = 4*i - 4*m + 5, -5*i - 3*m = -40. Suppose -i*p + 13 + 7 = 0. Suppose -2*b + p + 18 = 0. List the prime factors of b.
11
Suppose 4*f = 2*g + 2*g + 16, -2*f + 6 = -4*g. Let v be -3*(93/(-9) + g). Suppose 2*h + 13 = 3*k, 5*k + 4*h - h = v. What are the prime factors of k?
5
Let b(w) = -2*w**3 + 3*w**2 - 2*w + 3*w + 3*w**3. Let n be b(-2). Suppose 3*v - 4 = -l, -5*v + 33 = -4*l - n. What are the prime factors of v?
3
Suppose 2*x - 46 = r, r = -4*x + 65 + 39. What are the prime factors of x?
5
Suppose f + 4*w - 4 = 0, -3*w = -2*f - 14 - 0. Let i be (-32)/20 - 2/5. What are the prime factors of -12*(i - f/3)?
2
Suppose 15 + 0 = 5*l. Suppose -h - 3*z - 12 = 0, 12 = -l*z - 3. What are the prime factors of h?
3
Suppose 14*r - 19*r + 350 = 0. List the prime factors of r.
2, 5, 7
Let l(i) = -50*i - 11. List the prime factors of l(-5).
239
Let x(d) = -d**3 + 16*d**2 - 7*d - 12. Let w(a) = -33*a**2 + 25 + 2*a**3 - 2*a**3 + 14*a + 2*a**3. Let h(t) = 6*w(t) + 13*x(t). List the prime factors of h(9).
2, 3
Suppose -4*g + 6 = -g. Let v = g + 2. What are the prime factors of 2/v + 21/6?
2
Let i(y) = y**2 + 9*y - 4. Let s be i(-10). Suppose s*j - 3*j = 36. What are the prime factors of j?
2, 3
Let z = 72 - 39. What are the prime factors of z?
3, 11
Suppose -2*k - 2*k + 104 = 0. List the prime factors of k.
2, 13
Let i(l) = 2*l + 5 - 3*l + 1 - 1. List the prime factors of i(0).
5
Let p be 5/15 - (-14)/3. Let z(j) = j**2 + j. Let n(x) = x**2 - 1. Let b(l) = 3*n(l) - 2*z(l). List the prime factors of b(p).
2, 3
Suppose 7*c - 2*c = -3*f - 308, -c - 196 = 2*f. Let a = -6 - -11. What are the prime factors of (f/(-30))/(1/a)?
2
Let i(f) = -f - 1. Let k be i(-6). Suppose 121 = k*s + 36. What are the prime factors of s?
17
Let n = -5 - -2. Let o = 7 + n. What are the prime factors of o?
2
Let m = 106 - 62. List the prime factors of m.
2, 11
Let n = -18 - -24. What are the prime factors of n?
2, 3
Suppose -d + 150 = 4*d. List the prime factors of d.
2, 3, 5
Let g(u) = u - 7. Let o be g(4). Let c be ((-2)/o)/(2/(-42)). Let p = 23 + c. What are the prime factors of p?
3
Suppose -d + 2 = -3*y, 3*d + 0*d = 15. Let w be 1 - ((y - 15) + 2). Suppose -w = -q + 6. What are the prime factors of q?
19
What are the prime factors of (-8 - (5 + -6))*(-150)/7?
2, 3, 5
Let i(l) = l**3 - 18*l*